2857 is divided by 115?
112
Calculate the remainder when 2056 is divided by 446.
272
What is the remainder when 3943 is divided by 116?
115
Calculate the remainder when 587245 is divided by 1060.
5
Calculate the remainder when 406749 is divided by 25.
24
What is the remainder when 162691 is divided by 415?
11
Calculate the remainder when 22585 is divided by 469.
73
What is the remainder when 641 is divided by 476?
165
What is the remainder when 18085 is divided by 393?
7
Calculate the remainder when 164 is divided by 27.
2
Calculate the remainder when 2597 is divided by 1233.
131
Calculate the remainder when 21107 is divided by 116.
111
What is the remainder when 648 is divided by 330?
318
What is the remainder when 55842 is divided by 92?
90
Calculate the remainder when 8641 is divided by 33.
28
What is the remainder when 113178 is divided by 376?
2
Calculate the remainder when 1110241 is divided by 63.
55
Calculate the remainder when 3947192 is divided by 748.
744
Calculate the remainder when 5527 is divided by 2742.
43
Calculate the remainder when 35242 is divided by 192.
106
Calculate the remainder when 17169 is divided by 8571.
27
Calculate the remainder when 177534 is divided by 59119.
177
Calculate the remainder when 13454 is divided by 13446.
8
Calculate the remainder when 244090 is divided by 9040.
10
What is the remainder when 52202 is divided by 14?
10
Calculate the remainder when 2304 is divided by 253.
27
What is the remainder when 11672 is divided by 3856?
104
Calculate the remainder when 709137 is divided by 53.
50
Calculate the remainder when 8235 is divided by 371.
73
Calculate the remainder when 5999 is divided by 114.
71
What is the remainder when 20454 is divided by 127?
7
Calculate the remainder when 144774 is divided by 28949.
29
Calculate the remainder when 105754 is divided by 84.
82
Calculate the remainder when 328232 is divided by 213.
212
Calculate the remainder when 3980 is divided by 111.
95
What is the remainder when 800 is divided by 15?
5
What is the remainder when 14408 is divided by 7021?
366
What is the remainder when 2014 is divided by 1248?
766
What is the remainder when 7401 is divided by 517?
163
Calculate the remainder when 12577 is divided by 6120.
337
Calculate the remainder when 21481 is divided by 279.
277
What is the remainder when 57650 is divided by 5691?
740
Calculate the remainder when 11972 is divided by 55.
37
What is the remainder when 4380 is divided by 742?
670
Calculate the remainder when 1420 is divided by 79.
77
Calculate the remainder when 4056 is divided by 83.
72
What is the remainder when 19776 is divided by 89?
18
Calculate the remainder when 77700 is divided by 25898.
6
Calculate the remainder when 3243 is divided by 191.
187
What is the remainder when 125019 is divided by 70?
69
What is the remainder when 40140 is divided by 2361?
3
What is the remainder when 743439 is divided by 651?
648
Calculate the remainder when 12776 is divided by 571.
214
Calculate the remainder when 6582 is divided by 7.
2
Calculate the remainder when 28907 is divided by 4104.
179
What is the remainder when 26836 is divided by 8936?
28
Calculate the remainder when 300558 is divided by 395.
358
Calculate the remainder when 33699 is divided by 11175.
174
What is the remainder when 11474 is divided by 328?
322
Calculate the remainder when 188581 is divided by 62.
39
What is the remainder when 24322 is divided by 837?
49
Calculate the remainder when 69462 is divided by 165.
162
What is the remainder when 4691 is divided by 456?
131
What is the remainder when 140187 is divided by 1388?
1387
Calculate the remainder when 888 is divided by 173.
23
Calculate the remainder when 9401 is divided by 554.
537
Calculate the remainder when 4525 is divided by 2247.
31
Calculate the remainder when 12658 is divided by 372.
10
Calculate the remainder when 6844 is divided by 1139.
10
Calculate the remainder when 255165 is divided by 169.
144
Calculate the remainder when 4096 is divided by 146.
8
Calculate the remainder when 492263 is divided by 204.
11
What is the remainder when 3785 is divided by 1382?
1021
What is the remainder when 1178 is divided by 1024?
154
What is the remainder when 99894 is divided by 135?
129
Calculate the remainder when 2973 is divided by 40.
13
What is the remainder when 23938 is divided by 124?
6
Calculate the remainder when 212754 is divided by 2594.
46
Calculate the remainder when 5910 is divided by 1442.
142
Calculate the remainder when 12573 is divided by 212.
65
What is the remainder when 5060855 is divided by 24?
23
What is the remainder when 7328 is divided by 10?
8
What is the remainder when 44741 is divided by 14912?
5
Calculate the remainder when 6647 is divided by 303.
284
What is the remainder when 17081 is divided by 1067?
9
What is the remainder when 31974 is divided by 130?
124
What is the remainder when 16308 is divided by 65?
58
Calculate the remainder when 48815 is divided by 16267.
14
What is the remainder when 24815 is divided by 23?
21
What is the remainder when 86273 is divided by 239?
233
Calculate the remainder when 9340 is divided by 313.
263
Calculate the remainder when 8281 is divided by 296.
289
What is the remainder when 8962 is divided by 2986?
4
Calculate the remainder when 1562484 is divided by 685.
684
Calculate the remainder when 10582 is divided by 1175.
7
Calculate the remainder when 3469 is divided by 1362.
745
What is the remainder when 3519 is divided by 3443?
76
What is the remainder when 6309 is divided by 29?
16
What is the remainder when 548443 is divided by 12?
7
Calculate the remainder when 16014 is divided by 637.
89
What is the remainder when 443155 is divided by 323?
322
Calculate the remainder when 276524 is divided by 276517.
7
What is the remainder when 5574 is divided by 44?
30
Calculate the remainder when 43974 is divided by 506.
458
Calculate the remainder when 5456 is divided by 105.
101
Calculate the remainder when 93546 is divided by 23375.
46
Calculate the remainder when 17684 is divided by 465.
14
What is the remainder when 1523607 is divided by 513?
510
Calculate the remainder when 168856 is divided by 53.
51
What is the remainder when 103094 is divided by 1133?
1124
Calculate the remainder when 1151 is divided by 125.
26
Calculate the remainder when 3671 is divided by 110.
41
What is the remainder when 189861 is divided by 65?
61
What is the remainder when 8200 is divided by 3998?
204
Calculate the remainder when 79882 is divided by 15965.
57
Calculate the remainder when 3994 is divided by 285.
4
What is the remainder when 423442 is divided by 41?
35
What is the remainder when 146854 is divided by 174?
172
What is the remainder when 38236 is divided by 573?
418
Calculate the remainder when 196724 is divided by 382.
376
Calculate the remainder when 63511 is divided by 2.
1
What is the remainder when 4082 is divided by 2020?
42
What is the remainder when 499678 is divided by 221?
218
Calculate the remainder when 64671 is divided by 437.
432
What is the remainder when 2695 is divided by 936?
823
What is the remainder when 38 is divided by 24?
14
Calculate the remainder when 4249 is divided by 72.
1
Calculate the remainder when 12075 is divided by 3415.
1830
Calculate the remainder when 29214 is divided by 175.
164
Calculate the remainder when 16179 is divided by 136.
131
Calculate the remainder when 19867 is divided by 42.
1
What is the remainder when 105529 is divided by 2457?
2335
What is the remainder when 236149 is divided by 246?
235
What is the remainder when 42689 is divided by 42677?
12
What is the remainder when 44218 is divided by 4?
2
Calculate the remainder when 528153 is divided by 22.
21
What is the remainder when 1768634 is divided by 397?
396
Calculate the remainder when 35959 is divided by 11981.
16
Calculate the remainder when 6628 is divided by 119.
83
What is the remainder when 784 is divided by 159?
148
What is the remainder when 24748 is divided by 3855?
1618
What is the remainder when 3580 is divided by 1676?
228
What is the remainder when 26002 is divided by 25952?
50
Calculate the remainder when 22347 is divided by 1854.
99
What is the remainder when 5388 is divided by 9?
6
Calculate the remainder when 6207 is d